{"id":1039,"date":"2018-01-01T19:29:06","date_gmt":"2018-01-01T18:29:06","guid":{"rendered":"http:\/\/lesfeesnaturelles.fr\/boutique\/?post_type=product&#038;p=1039"},"modified":"2024-04-26T18:01:08","modified_gmt":"2024-04-26T16:01:08","slug":"fard-a-joues-zao-makeup","status":"publish","type":"product","link":"https:\/\/lesfeesnaturelles.fr\/boutique\/produit\/fard-a-joues-zao-makeup\/","title":{"rendered":"Fard \u00e0 joues Zao MakeUp"},"content":{"rendered":"<p>Modelez votre visage et donnez-lui un effet bonne mine gr\u00e2ce au fard \u00e0 joues. V\u00e9ritable touche finale, il fait partie des indispensables maquillage. Que vous recherchiez un effet naturel ou sophistiqu\u00e9, le fard \u00e0 joue s&rsquo;adapte \u00e0 toutes vos envies ! Comme toutes nos poudres, le fard \u00e0 joues est sans talc. Pour le fard \u00e0 joues, optez pour la m\u00e9thode extr\u00eamement simple de la \u00ab\u00a0pommette sourire\u00a0\u00bb\u2026 Munissez-vous d\u2019un pinceau blush Zao, souriez et appliquez le fard \u00e0 joues sur le bomb\u00e9 de vos pommettes dans un mouvement circulaire et l\u00e9ger. Cette technique rel\u00e8ve le visage vers le haut et apporte un effet frais et rajeunissant<\/p>\n<p>Une formule 100% d\u2019origine naturelle, certifi\u00e9e Bio et Vegan.<\/p>\n<p><b>POIDS NET: <\/b>9 g \/ 0,32 oz<\/p>\n<p><b>RECHARGEABLE: <\/b>Oui<\/p>\n<p><img decoding=\"async\" class=\"d-inline-block\" src=\"https:\/\/d2t14ywz88mj4f.cloudfront.net\/sites\/5eb861c4d7b509001a4afe92\/theme\/images\/logo-spec-bio.png?1589319275\" alt=\"BIO\" \/><img decoding=\"async\" class=\"d-inline-block\" src=\"https:\/\/d2t14ywz88mj4f.cloudfront.net\/sites\/5eb861c4d7b509001a4afe92\/theme\/images\/logo-spec-ecocert.png?1589319275\" alt=\"ECOCERT\" \/><img decoding=\"async\" class=\"d-inline-block\" src=\"https:\/\/d2t14ywz88mj4f.cloudfront.net\/sites\/5eb861c4d7b509001a4afe92\/theme\/images\/logo-spec-peta.png?1589319275\" alt=\"PETA\" \/> <img decoding=\"async\" class=\"d-inline-block\" src=\"https:\/\/d2t14ywz88mj4f.cloudfront.net\/sites\/5eb861c4d7b509001a4afe92\/theme\/images\/logo-spec-refillable.png?1589319275\" alt=\"REFILLABLE\" \/><img decoding=\"async\" class=\"d-inline-block\" src=\"https:\/\/d2t14ywz88mj4f.cloudfront.net\/sites\/5eb861c4d7b509001a4afe92\/theme\/images\/logo-spec-slow-cosmetic.png?1589319275\" alt=\"SLOW COSMETIQUE\" \/><\/p>\n<p>&nbsp;<\/p>\n","protected":false},"excerpt":{"rendered":"<p>Derni\u00e8re \u00e9tape pour un teint parfait, les Fards \u00e0 joues donnent un effet bonne mine et fra\u00eecheur \u00e0 votre visage en un clin d\u2019\u0153il<\/p>\n<p>V\u00e9ritable rehausseur de teint, le Fard \u00e0 joues Zao Make-Up est une poudre compacte qui donne un teint frais et \u00e9clatant. Sa texture au toucher velours se fond parfaitement \u00e0 la peau pour un fini naturel.<\/p>\n<p><b>Comment bien choisir sa teinte ? <\/b><br \/>\nSi vous portez un Rouge \u00e0 l\u00e8vres ton chaud choisissez les teintes chaudes :<\/p>\n<p><img decoding=\"async\" class=\"img-fluid\" src=\"https:\/\/s3.eu-west-3.amazonaws.com\/shop.zaomakeup.com\/products\/FAJ_teintes_chaudes.png\" \/><\/p>\n<p>Si vous portez un Rouge \u00e0 l\u00e8vres ton froid choisissez les teintes froides :<\/p>\n<p><img decoding=\"async\" class=\"img-fluid\" src=\"https:\/\/s3.eu-west-3.amazonaws.com\/shop.zaomakeup.com\/products\/FAJ_teintes_froides.png\" \/><\/p>\n<p>&nbsp;<\/p>\n<p>&nbsp;<\/p>\n","protected":false},"featured_media":10904,"template":"","meta":{"_acf_changed":false},"product_brand":[],"product_cat":[15,24],"product_tag":[17,46],"class_list":{"0":"post-1039","1":"product","2":"type-product","3":"status-publish","4":"has-post-thumbnail","6":"product_cat-cosmetiques-zao","7":"product_cat-teint-zao-cosmetiques-zao","8":"product_tag-cosmetique-vegan-bio-zao","9":"product_tag-fard-a-joues","11":"first","12":"instock","13":"purchasable","14":"product-type-variable"},"acf":[],"_links":{"self":[{"href":"https:\/\/lesfeesnaturelles.fr\/boutique\/wp-json\/wp\/v2\/product\/1039","targetHints":{"allow":["GET"]}}],"collection":[{"href":"https:\/\/lesfeesnaturelles.fr\/boutique\/wp-json\/wp\/v2\/product"}],"about":[{"href":"https:\/\/lesfeesnaturelles.fr\/boutique\/wp-json\/wp\/v2\/types\/product"}],"wp:featuredmedia":[{"embeddable":true,"href":"https:\/\/lesfeesnaturelles.fr\/boutique\/wp-json\/wp\/v2\/media\/10904"}],"wp:attachment":[{"href":"https:\/\/lesfeesnaturelles.fr\/boutique\/wp-json\/wp\/v2\/media?parent=1039"}],"wp:term":[{"taxonomy":"product_brand","embeddable":true,"href":"https:\/\/lesfeesnaturelles.fr\/boutique\/wp-json\/wp\/v2\/product_brand?post=1039"},{"taxonomy":"product_cat","embeddable":true,"href":"https:\/\/lesfeesnaturelles.fr\/boutique\/wp-json\/wp\/v2\/product_cat?post=1039"},{"taxonomy":"product_tag","embeddable":true,"href":"https:\/\/lesfeesnaturelles.fr\/boutique\/wp-json\/wp\/v2\/product_tag?post=1039"}],"curies":[{"name":"wp","href":"https:\/\/api.w.org\/{rel}","templated":true}]}}