{"id":1114,"date":"2018-01-01T21:13:59","date_gmt":"2018-01-01T20:13:59","guid":{"rendered":"http:\/\/lesfeesnaturelles.fr\/boutique\/?post_type=product&#038;p=1114"},"modified":"2024-04-26T15:22:43","modified_gmt":"2024-04-26T13:22:43","slug":"fard-a-paupieres-mat-zao-makeup","status":"publish","type":"product","link":"https:\/\/lesfeesnaturelles.fr\/boutique\/produit\/fard-a-paupieres-mat-zao-makeup\/","title":{"rendered":"Fard \u00e0 paupi\u00e8res mat Zao MakeUp"},"content":{"rendered":"<p>Application de l\u2019Ombre \u00e0 paupi\u00e8res mate<\/p>\n<p>Appliquez l&rsquo;un des primer yeux ZAO puis une Ombre \u00e0 paupi\u00e8res claire ou medium sur l\u2019ensemble de la paupi\u00e8re mobile avec le Pinceau langue de chat 704. Ensuite, choisissez une teinte plus fonc\u00e9e pour souligner le ras des cils \u00e0 l\u2019aide du Pinceau biseaut\u00e9 706. Illuminez le coin int\u00e9rieur de l\u2019\u0153il avec une teinte claire. Pour un regard intense, utilisez une teinte fonc\u00e9e au niveau du coin externe de l\u2019\u0153il avec le Pinceau boule 705. Vous pouvez utiliser l\u2019Ombre \u00e0 paupi\u00e8res noire 206 comme eyeliner cake pour tracer un fin trait au ras des cils sup\u00e9rieurs. Pour finaliser le regard, appliquez sur vos cils l\u2019un de nos Mascaras Zao Make-Up.<\/p>\n<p>Ingr\u00e9dients cl\u00e9s<\/p>\n<p>Squalane v\u00e9g\u00e9tal :\u00a0Extrait de l\u2019huile d\u2019olive, le Squalane v\u00e9g\u00e9tal est un d\u00e9riv\u00e9 du squal\u00e8ne qui est un composant naturel du s\u00e9bum humain. Son excellente affinit\u00e9 avec la peau, par sa similarit\u00e9 avec les lipides naturels cutan\u00e9s, et ses propri\u00e9t\u00e9s \u00e9mollientes en font un actif id\u00e9al. Il renforce la barri\u00e8re hydrolipidique cutan\u00e9e, assouplit la peau et la prot\u00e8ge de la d\u00e9shydratation.<\/p>\n<p>Beurre de cacao bio :\u00a0Le beurre de cacao prot\u00e8ge la peau des agressions ext\u00e9rieures. Il contribue au maintien de l\u2019hydratation car il ralentit la perte d\u2019eau en formant une barri\u00e8re sur la surface de l\u2019\u00e9piderme. Il a \u00e9t\u00e9 utilis\u00e9 pendant des si\u00e8cles en Afrique comme soin pr\u00e9ventif pour apporter souplesse \u00e0 la peau et \u00e9galement en soin curatif contre le dess\u00e9chement.<\/p>\n<p>Amidon de ma\u00efs bio :\u00a0L\u2019amidon de ma\u00efs biologique est un support v\u00e9g\u00e9tal permettant une meilleure adh\u00e9sion de la poudre sur la peau, et donc une meilleure tenue du maquillage. Il facilite la dispersion des pigments et aide, en cela, \u00e0 l\u2019unicit\u00e9 de la teinte sur la peau.<\/p>\n<p>Poudre de bambou :\u00a0Substance blanche extraite des jointures du bambou. Gr\u00e2ce \u00e0 sa teneur \u00e9lev\u00e9e en silice, elle remin\u00e9ralise, hydrate et participe \u00e0 la r\u00e9g\u00e9n\u00e9ration de votre peau tout en att\u00e9nuant la brillance des peaux mixtes et grasses.<\/p>\n<p><b>POIDS NET: <\/b>3 g \/ 0,10 oz<\/p>\n<p><b>RECHARGEABLE: <\/b>Oui<\/p>\n<div class=\"pt-2\"><img decoding=\"async\" class=\"d-inline-block\" src=\"https:\/\/d2t14ywz88mj4f.cloudfront.net\/sites\/5eb861c4d7b509001a4afe92\/theme\/images\/logo-spec-bio.png?1599687932\" alt=\"BIO\" \/> <img decoding=\"async\" class=\"d-inline-block\" src=\"https:\/\/d2t14ywz88mj4f.cloudfront.net\/sites\/5eb861c4d7b509001a4afe92\/theme\/images\/logo-spec-ecocert.png?1599687932\" alt=\"ECOCERT\" \/> <img decoding=\"async\" class=\"d-inline-block\" src=\"https:\/\/d2t14ywz88mj4f.cloudfront.net\/sites\/5eb861c4d7b509001a4afe92\/theme\/images\/logo-spec-natural.png?1599687932\" alt=\"NATURAL\" \/> <img decoding=\"async\" class=\"d-inline-block\" src=\"https:\/\/d2t14ywz88mj4f.cloudfront.net\/sites\/5eb861c4d7b509001a4afe92\/theme\/images\/logo-spec-peta.png?1599687932\" alt=\"PETA\" \/> <img decoding=\"async\" class=\"d-inline-block\" src=\"https:\/\/d2t14ywz88mj4f.cloudfront.net\/sites\/5eb861c4d7b509001a4afe92\/theme\/images\/logo-spec-refillable.png?1599687932\" alt=\"REFILLABLE\" \/> <img decoding=\"async\" class=\"d-inline-block\" src=\"https:\/\/d2t14ywz88mj4f.cloudfront.net\/sites\/5eb861c4d7b509001a4afe92\/theme\/images\/logo-spec-slow-cosmetic.png?1599687932\" alt=\"SLOW COSMETIQUE\" \/><\/div>\n<p>&nbsp;<\/p>\n","protected":false},"excerpt":{"rendered":"<p>Donnez de la profondeur et du relief \u00e0 votre regard, gr\u00e2ce au fard \u00e0 paupi\u00e8res mat. Variez les couleurs et alternez les zones sombres et lumineuses pour un effet soyeux et intense. Pour multiplier vos tendances, n\u2019h\u00e9sitez pas \u00e0 combiner vos recharges pour acc\u00e9der \u00e0 de nouvelles combinaisons de couleurs. Comme toutes les poudres Zao, le fard \u00e0 paupi\u00e8res mat est sans talc. Que l&rsquo;on recherche un r\u00e9sultat naturel, version \u00ab\u00a0nude\u00a0\u00bb ou intense, version \u00ab\u00a0smokyeyes\u00a0\u00bb, le fard \u00e0 paupi\u00e8res mat sera votre atout charme en toutes circonstances. Sa\u00a0texture soyeuse et l\u00e9g\u00e8re rend l\u2019utilisation douce et simple. D\u00e9posez la couleur la plus claire sur toute la paupi\u00e8re mobile \u00e0 l\u2019aide d\u2019un pinceau estompe Zao. Appliquez une ombre \u00e0 paupi\u00e8res d&rsquo;intensit\u00e9 moyenne sur l&rsquo;angle externe de l&rsquo;\u0153il et remontez sous l&rsquo;arcade sourcili\u00e8re gr\u00e2ce \u00e0 un pinceau boule Zao. Terminez par un trait fin d&rsquo;ombre \u00e0 paupi\u00e8res fonc\u00e9e en suivant le contour de votre \u0153il pour intensifier votre regard en utilisant un pinceau biseaut\u00e9 Zao<\/p>\n<p>&nbsp;<\/p>\n<p>&nbsp;<\/p>\n<p>&nbsp;<\/p>\n<p>&nbsp;<\/p>\n","protected":false},"featured_media":10970,"template":"","meta":{"_acf_changed":false},"product_brand":[],"product_cat":[15,26],"product_tag":[17,91],"class_list":{"0":"post-1114","1":"product","2":"type-product","3":"status-publish","4":"has-post-thumbnail","6":"product_cat-cosmetiques-zao","7":"product_cat-les-yeux-zao","8":"product_tag-cosmetique-vegan-bio-zao","9":"product_tag-fard-a-paupieres","11":"first","12":"instock","13":"purchasable","14":"product-type-variable"},"exclude_global_add_ons":[],"addons":[],"acf":[],"_links":{"self":[{"href":"https:\/\/lesfeesnaturelles.fr\/boutique\/wp-json\/wp\/v2\/product\/1114","targetHints":{"allow":["GET"]}}],"collection":[{"href":"https:\/\/lesfeesnaturelles.fr\/boutique\/wp-json\/wp\/v2\/product"}],"about":[{"href":"https:\/\/lesfeesnaturelles.fr\/boutique\/wp-json\/wp\/v2\/types\/product"}],"wp:featuredmedia":[{"embeddable":true,"href":"https:\/\/lesfeesnaturelles.fr\/boutique\/wp-json\/wp\/v2\/media\/10970"}],"wp:attachment":[{"href":"https:\/\/lesfeesnaturelles.fr\/boutique\/wp-json\/wp\/v2\/media?parent=1114"}],"wp:term":[{"taxonomy":"product_brand","embeddable":true,"href":"https:\/\/lesfeesnaturelles.fr\/boutique\/wp-json\/wp\/v2\/product_brand?post=1114"},{"taxonomy":"product_cat","embeddable":true,"href":"https:\/\/lesfeesnaturelles.fr\/boutique\/wp-json\/wp\/v2\/product_cat?post=1114"},{"taxonomy":"product_tag","embeddable":true,"href":"https:\/\/lesfeesnaturelles.fr\/boutique\/wp-json\/wp\/v2\/product_tag?post=1114"}],"curies":[{"name":"wp","href":"https:\/\/api.w.org\/{rel}","templated":true}]}}