{"id":14381,"date":"2023-09-25T16:25:18","date_gmt":"2023-09-25T14:25:18","guid":{"rendered":"https:\/\/lesfeesnaturelles.fr\/boutique\/?post_type=product&#038;p=14381"},"modified":"2026-04-24T18:33:42","modified_gmt":"2026-04-24T16:33:42","slug":"serum-concentre-regenerant-intuitive-skin-zao","status":"publish","type":"product","link":"https:\/\/lesfeesnaturelles.fr\/boutique\/produit\/serum-concentre-regenerant-intuitive-skin-zao\/","title":{"rendered":"S\u00e9rum concentr\u00e9 r\u00e9g\u00e9n\u00e9rant &#8211; Intuitive Skin &#8211; Zao"},"content":{"rendered":"<p>CONSEILS D&rsquo;UTILISATION : Sur peau nettoy\u00e9e et s\u00e8che, appliquez 3 \u00e0 4 gouttes de s\u00e9rum sur l&rsquo;ensemble du visage et du cou avant votre cr\u00e8me habituelle. Massez d\u00e9licatement en lissant le produit de l&rsquo;int\u00e9rieur vers l&rsquo;ext\u00e9rieur du visage.<\/p>\n<p>Usage quotidien, matin et soir.<\/p>\n<p>CONTENANCE : 30 ml &#8211; PAO : 12 Mois &#8211; Made in France<\/p>\n<p>PARFUM : Verveine exotique ( Litsea cubeba )<\/p>\n<p>INGR\u00c9DIENTS CL\u00c9S :<\/p>\n<ul>\n<li>Huile d&rsquo;argan bio : Nourrissante et r\u00e9g\u00e9n\u00e9rante<\/li>\n<li>Huile de tamanu bio : Antioxydante et apaisante<\/li>\n<li>Huile de jojoba bio : R\u00e9g\u00e9n\u00e9rante et assouplissante.<\/li>\n<\/ul>\n","protected":false},"excerpt":{"rendered":"<p>C\u2019est un parfum verveine exotique qui accompagne notre s\u00e9rum concentr\u00e9 r\u00e9g\u00e9n\u00e9rant. Il va va venir redonner confort et souplesse \u00e0 votre peau, en pr\u00e9vention des signes de l\u2019\u00e2ge.<\/p>\n<p>Adapt\u00e9 aux peaux normales \u00e0 tr\u00e8s s\u00e8ches, il poss\u00e8de des vertues r\u00e9g\u00e9n\u00e9rantes gr\u00e2ce \u00e0 l\u2019huile d\u2019argan bio et l\u2019huile de jojoba bio mais \u00e9galement, apaisantes avec l\u2019huile de tamanu bio.<\/p>\n<p>TYPES DE PEAUX : Peaux normales \u00e0 tr\u00e8s s\u00e8ches.<\/p>\n","protected":false},"featured_media":14382,"template":"","meta":{"_acf_changed":false},"product_brand":[],"product_cat":[15,16],"product_tag":[],"class_list":{"0":"post-14381","1":"product","2":"type-product","3":"status-publish","4":"has-post-thumbnail","6":"product_cat-cosmetiques-zao","7":"product_cat-soins-zao","9":"first","10":"instock","11":"shipping-taxable","12":"purchasable","13":"product-type-simple"},"acf":[],"_links":{"self":[{"href":"https:\/\/lesfeesnaturelles.fr\/boutique\/wp-json\/wp\/v2\/product\/14381","targetHints":{"allow":["GET"]}}],"collection":[{"href":"https:\/\/lesfeesnaturelles.fr\/boutique\/wp-json\/wp\/v2\/product"}],"about":[{"href":"https:\/\/lesfeesnaturelles.fr\/boutique\/wp-json\/wp\/v2\/types\/product"}],"wp:featuredmedia":[{"embeddable":true,"href":"https:\/\/lesfeesnaturelles.fr\/boutique\/wp-json\/wp\/v2\/media\/14382"}],"wp:attachment":[{"href":"https:\/\/lesfeesnaturelles.fr\/boutique\/wp-json\/wp\/v2\/media?parent=14381"}],"wp:term":[{"taxonomy":"product_brand","embeddable":true,"href":"https:\/\/lesfeesnaturelles.fr\/boutique\/wp-json\/wp\/v2\/product_brand?post=14381"},{"taxonomy":"product_cat","embeddable":true,"href":"https:\/\/lesfeesnaturelles.fr\/boutique\/wp-json\/wp\/v2\/product_cat?post=14381"},{"taxonomy":"product_tag","embeddable":true,"href":"https:\/\/lesfeesnaturelles.fr\/boutique\/wp-json\/wp\/v2\/product_tag?post=14381"}],"curies":[{"name":"wp","href":"https:\/\/api.w.org\/{rel}","templated":true}]}}