{"id":14385,"date":"2023-09-25T16:25:18","date_gmt":"2023-09-25T14:25:18","guid":{"rendered":"https:\/\/lesfeesnaturelles.fr\/boutique\/?post_type=product&#038;p=14385"},"modified":"2024-04-25T11:32:48","modified_gmt":"2024-04-25T09:32:48","slug":"creme-legere-hydratante-intuitive-skin-zao","status":"publish","type":"product","link":"https:\/\/lesfeesnaturelles.fr\/boutique\/produit\/creme-legere-hydratante-intuitive-skin-zao\/","title":{"rendered":"Cr\u00e8me l\u00e9g\u00e8re hydratante &#8211; Intuitive Skin &#8211; Zao"},"content":{"rendered":"<p>CONSEILS D&rsquo;UTILISATION : Sur peau nettoy\u00e9e et apr\u00e8s votre s\u00e9rum, appliquez une noisette de cr\u00e8me sur l&rsquo;ensemble du visage et du cou. Pour le visage lissez de l&rsquo;int\u00e9rieur vers l&rsquo;ext\u00e9rieur et pour le cou lissez du bas vers le haut.<\/p>\n<p>Usage quotidien, matin et soir.<\/p>\n<p>CONTENANCE : 50 ML &#8211; PAO 12 Mois &#8211; Made in France<\/p>\n<p>PARFUM : Fleur de tiar\u00e9.<\/p>\n<p>INGR\u00c9DIENTS CL\u00c9S :<\/p>\n<ul>\n<li>Aloe vera bio : Adoucissant et calmant<\/li>\n<li>Eau de calendula bio : Apaisante et adoucissante<\/li>\n<li>Eau de bambou bio : Apaisante et purifiante.<\/li>\n<\/ul>\n","protected":false},"excerpt":{"rendered":"<p>Avec sa senteur Fleur de Tiar\u00e9, cette cr\u00e8me hydrate instantan\u00e9ment la peau et apporte une sensation de douceur et de l\u00e9g\u00e8ret\u00e9.<\/p>\n<p>Elle est id\u00e9ale pour toutes les peaux, m\u00eame les plus sensibles, gr\u00e2ce \u00e0 ses ingr\u00e9dients adoucissants et calmants comme l\u2019Aloe Vera Bio ou encore, apaisants comme l\u2019Eau de Calendula Bio et l\u2019Eau de Bambou Bio.<\/p>\n<p>TYPES DE PEAUX : Toutes peaux, m\u00eame sensibles.<\/p>\n","protected":false},"featured_media":14386,"template":"","meta":{"_acf_changed":false},"product_brand":[],"product_cat":[15,16],"product_tag":[],"class_list":{"0":"post-14385","1":"product","2":"type-product","3":"status-publish","4":"has-post-thumbnail","6":"product_cat-cosmetiques-zao","7":"product_cat-soins-zao","9":"first","10":"instock","11":"shipping-taxable","12":"purchasable","13":"product-type-simple"},"acf":[],"_links":{"self":[{"href":"https:\/\/lesfeesnaturelles.fr\/boutique\/wp-json\/wp\/v2\/product\/14385","targetHints":{"allow":["GET"]}}],"collection":[{"href":"https:\/\/lesfeesnaturelles.fr\/boutique\/wp-json\/wp\/v2\/product"}],"about":[{"href":"https:\/\/lesfeesnaturelles.fr\/boutique\/wp-json\/wp\/v2\/types\/product"}],"wp:featuredmedia":[{"embeddable":true,"href":"https:\/\/lesfeesnaturelles.fr\/boutique\/wp-json\/wp\/v2\/media\/14386"}],"wp:attachment":[{"href":"https:\/\/lesfeesnaturelles.fr\/boutique\/wp-json\/wp\/v2\/media?parent=14385"}],"wp:term":[{"taxonomy":"product_brand","embeddable":true,"href":"https:\/\/lesfeesnaturelles.fr\/boutique\/wp-json\/wp\/v2\/product_brand?post=14385"},{"taxonomy":"product_cat","embeddable":true,"href":"https:\/\/lesfeesnaturelles.fr\/boutique\/wp-json\/wp\/v2\/product_cat?post=14385"},{"taxonomy":"product_tag","embeddable":true,"href":"https:\/\/lesfeesnaturelles.fr\/boutique\/wp-json\/wp\/v2\/product_tag?post=14385"}],"curies":[{"name":"wp","href":"https:\/\/api.w.org\/{rel}","templated":true}]}}