{"id":302,"date":"2017-12-30T18:18:39","date_gmt":"2017-12-30T17:18:39","guid":{"rendered":"http:\/\/lesfeesnaturelles.fr\/boutique\/?post_type=product&#038;p=302"},"modified":"2025-01-26T23:50:59","modified_gmt":"2025-01-26T22:50:59","slug":"palette-winter-chic-zao","status":"publish","type":"product","link":"https:\/\/lesfeesnaturelles.fr\/boutique\/produit\/palette-winter-chic-zao\/","title":{"rendered":"Palette Winter Chic ZAO"},"content":{"rendered":"<p>Cette palette maquillage 100 % naturelle, certifi\u00e9e bio et vegan, contient 5 produits pour les joues, les l\u00e8vres et les yeux. Elle est compos\u00e9e d\u2019un blush cr\u00e8me l\u00e9g\u00e8rement nacr\u00e9 qui peut aussi \u00eatre d\u00e9pos\u00e9 sur les l\u00e8vres, d\u2019un rouge \u00e0 l\u00e8vres pourpre, de deux ombres \u00e0 paupi\u00e8res nacr\u00e9es or et argent et d\u2019un eyeliner cake noir ultra pigment\u00e9.<\/p>\n<p>Cette harmonie de teintes \u00e9l\u00e9gantes permet de r\u00e9aliser diff\u00e9rents maquillages chics et glamours. Un pinceau double embout est \u00e9galement int\u00e9gr\u00e9 pour l\u2019application du rouge \u00e0 l\u00e8vres et de l\u2019eyeliner cake. Et pour ne rien g\u00e2cher la\u00a0<strong>Palette Winter Chic\u00a0<\/strong>est rechargeable !<\/p>\n<ul>\n<li>Blush cr\u00e8me : V\u00e9ritable rehausseur de teint, ce fard \u00e0 joues nacr\u00e9 procure un effet bonne mine imm\u00e9diat. Il s\u2019utilise aussi en rouge \u00e0 l\u00e8vres, seul ou en touche shiny sur le rouge \u00e0 l\u00e8vres pourpre. Ce blush cr\u00e8me est \u00e0 base d\u2019huile de babassu bio, une huile v\u00e9g\u00e9tale qui a d\u2019extraordinaires propri\u00e9t\u00e9s r\u00e9g\u00e9n\u00e9rante et antioxydante. &#8211;<\/li>\n<li>Rouge \u00e0 l\u00e8vres cr\u00e8me : Sa jolie teinte rouge pourpre intense et lumineuse embellit et donne un effet glamour et pulpeux aux l\u00e8vres. L\u2019alliance de l\u2019huile de ricin bio, de l\u2019huile de jojoba bio et du beurre de karit\u00e9 bio permet de sublimer, hydrater et prot\u00e9ger les l\u00e8vres.<\/li>\n<li>Ombre \u00e0 paupi\u00e8res Or : De jour comme de nuit, ce magnifique dor\u00e9 iris\u00e9 et lumineux est un must have pour donner de la profondeur au regard. Les ombres \u00e0 paupi\u00e8res sont riches en poudre de riz bio. Cet ingr\u00e9dient ajuste la s\u00e9cr\u00e9tion s\u00e9bac\u00e9e sans obstruer les pores de la peau.<\/li>\n<li>Ombre \u00e0 paupi\u00e8res Argent : Gr\u00e2ce \u00e0 ses nacres iris\u00e9es, ce fard \u00e0 paupi\u00e8res permet de cr\u00e9er des zones de lumi\u00e8re pour illuminer le regard. Les ombres \u00e0 paupi\u00e8res sont riches en poudre de riz bio. Cet ingr\u00e9dient ajuste la s\u00e9cr\u00e9tion s\u00e9bac\u00e9e sans obstruer les pores de la peau.<\/li>\n<li>Eyeliner Cake : Cet eyeliner cake noir ultra pigment\u00e9 est parfait pour donner de l\u2019intensit\u00e9 au regard. A l\u2019aide du c\u00f4t\u00e9 fin du pinceau pr\u00e9alablement mouill\u00e9, l\u2019Eyeliner cake permet de r\u00e9aliser un trac\u00e9 pr\u00e9cis. Sec, l\u2019Eyeliner cake sert \u00e9galement d\u2019ombre \u00e0 paupi\u00e8res pour un regard smoky. Pour plus de douceur, l\u2019eyeliner cake contient du beurre de karit\u00e9 bio et de l\u2019huile de macadamia bio. Sont inclus un miroir panoramique et un pinceau double embout (l\u00e8vres et eyeliner).<\/li>\n<\/ul>\n","protected":false},"excerpt":{"rendered":"<p>Cette palette maquillage contient 5 produits 100% naturels, certifi\u00e9s bio et vegan. Elle est compos\u00e9 d&rsquo;un Blush cr\u00e8me (01) l\u00e9g\u00e8rement nacr\u00e9 qui peut aussi \u00eatre d\u00e9pos\u00e9 sur les l\u00e8vres, d&rsquo;un Rouge \u00e0 l\u00e8vres pourpre (02), de deux Ombres \u00e0 paupi\u00e8res nacr\u00e9es or (03) et argent (04) et d&rsquo;un Eyeliner cake noir (05) ultra pigment\u00e9.<\/p>\n<p>Cette harmonie de teintes \u00e9l\u00e9gantes permet de r\u00e9aliser diff\u00e9rents maquillages chics et glamours.<\/p>\n<p>Et pour ne rien g\u00e2cher, la Palette Winter Chic est rechargeable !<\/p>\n<p>&nbsp;<\/p>\n<p><strong>Les vrais plus<\/strong>:\u00a0Sont inclus un miroir panoramique et un pinceau double embout (l\u00e8vres et eyeliner). Le Blush cr\u00e8me s&rsquo;utilise aussi en rouge \u00e0 l\u00e8vres, seul ou en touche shiny sur le Rouge \u00e0 l\u00e8vres pourpre. Et l&rsquo;Eyeliner cake sert \u00e9galement d&rsquo;ombre \u00e0 paupi\u00e8res pour un regard smoky.<\/p>\n","protected":false},"featured_media":1282,"template":"","meta":{"_acf_changed":false},"product_brand":[],"product_cat":[15,78],"product_tag":[17,27],"class_list":{"0":"post-302","1":"product","2":"type-product","3":"status-publish","4":"has-post-thumbnail","6":"product_cat-cosmetiques-zao","7":"product_cat-palettes-zao","8":"product_tag-cosmetique-vegan-bio-zao","9":"product_tag-palette","11":"first","12":"instock","13":"purchasable","14":"product-type-simple"},"acf":[],"_links":{"self":[{"href":"https:\/\/lesfeesnaturelles.fr\/boutique\/wp-json\/wp\/v2\/product\/302","targetHints":{"allow":["GET"]}}],"collection":[{"href":"https:\/\/lesfeesnaturelles.fr\/boutique\/wp-json\/wp\/v2\/product"}],"about":[{"href":"https:\/\/lesfeesnaturelles.fr\/boutique\/wp-json\/wp\/v2\/types\/product"}],"wp:featuredmedia":[{"embeddable":true,"href":"https:\/\/lesfeesnaturelles.fr\/boutique\/wp-json\/wp\/v2\/media\/1282"}],"wp:attachment":[{"href":"https:\/\/lesfeesnaturelles.fr\/boutique\/wp-json\/wp\/v2\/media?parent=302"}],"wp:term":[{"taxonomy":"product_brand","embeddable":true,"href":"https:\/\/lesfeesnaturelles.fr\/boutique\/wp-json\/wp\/v2\/product_brand?post=302"},{"taxonomy":"product_cat","embeddable":true,"href":"https:\/\/lesfeesnaturelles.fr\/boutique\/wp-json\/wp\/v2\/product_cat?post=302"},{"taxonomy":"product_tag","embeddable":true,"href":"https:\/\/lesfeesnaturelles.fr\/boutique\/wp-json\/wp\/v2\/product_tag?post=302"}],"curies":[{"name":"wp","href":"https:\/\/api.w.org\/{rel}","templated":true}]}}