{"id":7501,"date":"2019-02-20T10:23:44","date_gmt":"2019-02-20T09:23:44","guid":{"rendered":"http:\/\/lesfeesnaturelles.fr\/boutique\/?post_type=product&#038;p=7501"},"modified":"2026-02-25T14:57:28","modified_gmt":"2026-02-25T13:57:28","slug":"creme-gommante-fillmed-by-filorga-skin-perfusion","status":"publish","type":"product","link":"https:\/\/lesfeesnaturelles.fr\/boutique\/produit\/creme-gommante-fillmed-by-filorga-skin-perfusion\/","title":{"rendered":"Cr\u00e8me gommante &#8211;  Fillmed  Skin Perfusion"},"content":{"rendered":"<p>Utilisation: Appliquer 1 \u00e0 2 fois par semaine sur visage humide. Masser d\u00e9licatement puis rincer abondamment \u00e0 l&rsquo;eau.<\/p>\n<p>ACTIFS :<\/p>\n<p>\u25a0 Micro-grains min\u00e9raux : Une association de billes micro-polissantes pour exfolier les cellules mortes sans agresser.<\/p>\n<p>\u25a0 Un complexe de 3 tensio-actifs doux pour un nettoyage intense qui respecte l&rsquo;int\u00e9grit\u00e9 cutan\u00e9e.<\/p>\n<p>&nbsp;<\/p>\n<p><b><u>Ingr\u00e9dients :<\/p>\n<p><\/u><\/b>AQUA (WATER, EAU), PROPYLENE GLYCOL, SILICA, SODIUM LAURETH SULFATE, ACRYLATES COPOLYMER, CETEARYL ALCOHOL, DISODIUM LAURYL SULFOSUCCINATE, SODIUM COCOYL ISETHIONATE, ZEA MAYS (CORN) STARCH, SODIUM POLYACRYLATE, GLYCERYL CAPRYLATE, COCAMIDOPROPYL BETAINE, AMMONIUM LAURYL SULFATE, TRIETHANOLAMINE, GLYCERIN, HYDROGENATED CASTOR OIL, SODIUM BENZOATE, PEG-40 GLYCERYL COCOATE, PARFUM (FRAGRANCE), ETHYLHEXYLGLYCERIN, SODIUM COCETH SULFATE, CI 77891 (TITANIUM DIOXIDE), CAPRYLYL GLYCOL, CITRIC ACID, LIMONENE, LINALOOL<\/p>\n<p>&nbsp;<\/p>\n<p>50 ML<\/p>\n<p>&nbsp;<\/p>\n<p>&nbsp;<\/p>\n","protected":false},"excerpt":{"rendered":"<p><strong>La Cr\u00e8me Gommante Skin Perfusion<\/strong> est quant \u00e0 elle un baume \u00e0 gommer qui associe<strong> des billes double vitesse \u00e0 trois tensio-actifs \u00e0 la fois doux et puissants <\/strong>qui garantissent une <strong>exfoliation sous contr\u00f4le et une extr\u00eame douceur. <\/strong><\/p>\n<p><strong>La<\/strong><strong>\u00a0Cr\u00e8me Gommante Skin Perfusion<\/strong> permet \u00e0 la peau de gagner en puret\u00e9 et en uniformit\u00e9.<\/p>\n<p>Le grain de peau est affin\u00e9 et le renouvellement cellulaire stimul\u00e9 pour un teint unifi\u00e9, lumineux, z\u00e9ro d\u00e9faut. D\u00e9barrass\u00e9e des toxines et r\u00e9oxyg\u00e9n\u00e9e ,votre peau irradie d&rsquo;une nouvelle \u00e9nergie.<\/p>\n<p>&nbsp;<\/p>\n<p>&nbsp;<\/p>\n","protected":false},"featured_media":10601,"template":"","meta":{"_acf_changed":false},"product_brand":[],"product_cat":[36],"product_tag":[189,38,39],"class_list":{"0":"post-7501","1":"product","2":"type-product","3":"status-publish","4":"has-post-thumbnail","6":"product_cat-filorga","7":"product_tag-fillmed","8":"product_tag-filorga","9":"product_tag-skin-perfusion","11":"first","12":"instock","13":"shipping-taxable","14":"purchasable","15":"product-type-simple"},"acf":[],"_links":{"self":[{"href":"https:\/\/lesfeesnaturelles.fr\/boutique\/wp-json\/wp\/v2\/product\/7501","targetHints":{"allow":["GET"]}}],"collection":[{"href":"https:\/\/lesfeesnaturelles.fr\/boutique\/wp-json\/wp\/v2\/product"}],"about":[{"href":"https:\/\/lesfeesnaturelles.fr\/boutique\/wp-json\/wp\/v2\/types\/product"}],"wp:featuredmedia":[{"embeddable":true,"href":"https:\/\/lesfeesnaturelles.fr\/boutique\/wp-json\/wp\/v2\/media\/10601"}],"wp:attachment":[{"href":"https:\/\/lesfeesnaturelles.fr\/boutique\/wp-json\/wp\/v2\/media?parent=7501"}],"wp:term":[{"taxonomy":"product_brand","embeddable":true,"href":"https:\/\/lesfeesnaturelles.fr\/boutique\/wp-json\/wp\/v2\/product_brand?post=7501"},{"taxonomy":"product_cat","embeddable":true,"href":"https:\/\/lesfeesnaturelles.fr\/boutique\/wp-json\/wp\/v2\/product_cat?post=7501"},{"taxonomy":"product_tag","embeddable":true,"href":"https:\/\/lesfeesnaturelles.fr\/boutique\/wp-json\/wp\/v2\/product_tag?post=7501"}],"curies":[{"name":"wp","href":"https:\/\/api.w.org\/{rel}","templated":true}]}}