{"id":9123,"date":"2019-09-02T13:08:22","date_gmt":"2019-09-02T11:08:22","guid":{"rendered":"http:\/\/lesfeesnaturelles.fr\/boutique\/?post_type=product&#038;p=9123"},"modified":"2026-01-20T11:25:51","modified_gmt":"2026-01-20T10:25:51","slug":"huile-universelle-ayurvedique-cinq-mondes","status":"publish","type":"product","link":"https:\/\/lesfeesnaturelles.fr\/boutique\/produit\/huile-universelle-ayurvedique-cinq-mondes\/","title":{"rendered":"Huile universelle Ayurv\u00e9dique\u00ae &#8211; Cinq Mondes"},"content":{"rendered":"<p><span class=\"bold\">L\u2019Huile Universelle Ayurv\u00e9dique\u00ae<\/span> offre un cocktail d\u2019huiles v\u00e9g\u00e9tales utilis\u00e9es dans la grande tradition des massages ayurv\u00e9diques d\u2019Inde du Sud : huile de S\u00e9same, de Neem et de Boswellia. Trois huiles aux propri\u00e9t\u00e9s r\u00e9g\u00e9n\u00e9rantes, apaisantes, riches en acides gras essentiels pour nourrir la peau en profondeur.<\/p>\n<p>En massage ou en huile de bain, l\u2019<span class=\"bold\">Huile Universelle Ayurv\u00e9dique\u00ae<\/span> permet \u00e0 la peau de retrouver toute sa souplesse et sa douceur.<\/p>\n<h3 class=\"product-advice__title\"><span style=\"color: #993366;\">CONSEIL DU SPA TH\u00c9RAPEUTE<\/span><\/h3>\n<div id=\"product-advice\" class=\"product-advice\">\n<div class=\"container\">\n<div class=\"product-advice__content\">\n<p>Apr\u00e8s nettoyage de peau, les soins hydratants sont indispensables pour retrouver une peau douce et satin\u00e9e. Appliquez l&rsquo;<span class=\"bold\">Huile Universelle Ayurv\u00e9dique\u00ae<\/span> en mouvements circulaires, sur l&rsquo;ensemble de votre corps, en insistant sur les zones s\u00e8ches.<\/p>\n<p>Pour compl\u00e9ter votre moment de d\u00e9tente, effectuez des pressions au niveau de la nuque et des trap\u00e8zes puis tapotez l&rsquo;ensemble de votre corps. La peau est hydrat\u00e9e, assouplie, sans \u00eatre grasse.<\/p>\n<p><img decoding=\"async\" src=\"https:\/\/www.cinqmondes.com\/media\/wysiwyg\/317_317-massage%20circulaire%20jambe.jpg\" \/><\/p>\n<\/div>\n<\/div>\n<\/div>\n<div id=\"product-tabs\" class=\"product-tabs\">\n<ul class=\"product-tabs__anchors\">\n<li class=\"product-tabs__anchor active\">150 ml<\/li>\n<\/ul>\n<\/div>\n","protected":false},"excerpt":{"rendered":"<p><span style=\"color: #993366;\">(Rituel de Bengalore, Inde)<\/span><\/p>\n<p>Huile s\u00e8che nourrissante, r\u00e9paratrice et protectrice au parfum apaisant des huiles essentielles de Cardamome et Vanille.<\/p>\n<p>&nbsp;<\/p>\n\n<p>&nbsp;<\/p>\n<p>&nbsp;<\/p>\n","protected":false},"featured_media":9124,"template":"","meta":{"_acf_changed":false},"product_brand":[],"product_cat":[169,152],"product_tag":[],"class_list":{"0":"post-9123","1":"product","2":"type-product","3":"status-publish","4":"has-post-thumbnail","6":"product_cat-hydratants-corps","7":"product_cat-les-produits-cinq-mondes","9":"first","10":"outofstock","11":"shipping-taxable","12":"purchasable","13":"product-type-simple"},"acf":[],"_links":{"self":[{"href":"https:\/\/lesfeesnaturelles.fr\/boutique\/wp-json\/wp\/v2\/product\/9123","targetHints":{"allow":["GET"]}}],"collection":[{"href":"https:\/\/lesfeesnaturelles.fr\/boutique\/wp-json\/wp\/v2\/product"}],"about":[{"href":"https:\/\/lesfeesnaturelles.fr\/boutique\/wp-json\/wp\/v2\/types\/product"}],"wp:featuredmedia":[{"embeddable":true,"href":"https:\/\/lesfeesnaturelles.fr\/boutique\/wp-json\/wp\/v2\/media\/9124"}],"wp:attachment":[{"href":"https:\/\/lesfeesnaturelles.fr\/boutique\/wp-json\/wp\/v2\/media?parent=9123"}],"wp:term":[{"taxonomy":"product_brand","embeddable":true,"href":"https:\/\/lesfeesnaturelles.fr\/boutique\/wp-json\/wp\/v2\/product_brand?post=9123"},{"taxonomy":"product_cat","embeddable":true,"href":"https:\/\/lesfeesnaturelles.fr\/boutique\/wp-json\/wp\/v2\/product_cat?post=9123"},{"taxonomy":"product_tag","embeddable":true,"href":"https:\/\/lesfeesnaturelles.fr\/boutique\/wp-json\/wp\/v2\/product_tag?post=9123"}],"curies":[{"name":"wp","href":"https:\/\/api.w.org\/{rel}","templated":true}]}}