{"id":9137,"date":"2019-09-02T13:05:42","date_gmt":"2019-09-02T11:05:42","guid":{"rendered":"http:\/\/lesfeesnaturelles.fr\/boutique\/?post_type=product&#038;p=9137"},"modified":"2025-07-15T12:46:34","modified_gmt":"2025-07-15T10:46:34","slug":"creme-mains-dange-cinq-mondes","status":"publish","type":"product","link":"https:\/\/lesfeesnaturelles.fr\/boutique\/produit\/creme-mains-dange-cinq-mondes\/","title":{"rendered":"Cr\u00e8me Mains d&rsquo;Ange\u00ae &#8211; Cinq Mondes"},"content":{"rendered":"<p>Cinq Mondes a mis au point la <span class=\"prune\">Cr\u00e8me Mains d\u2019Ange\u00ae<\/span> qui contient des ingr\u00e9dients phares de la Pharmacop\u00e9e chinoise :<br \/>\n&gt; le <span class=\"bold\">Bambou<\/span> qui stimule la synth\u00e8se de collag\u00e8ne.<br \/>\n&gt; le <span class=\"bold\">Murier Blanc de Chine<\/span> pour pr\u00e9venir l\u2019apparition de taches.<br \/>\n&gt; des extraits biologiques d\u2019<span class=\"bold\">Aloe Vera<\/span> pour une hydratation optimale des couches sup\u00e9rieures de l&rsquo;\u00e9piderme.<\/p>\n<h3 class=\"product-advice__title\">CONSEIL<span style=\"color: #993366;\"> DU SPA TH\u00c9RAPEUTE<\/span><\/h3>\n<p>Appliquez l<span style=\"color: #993366;\">a <span class=\"prune\">Cr\u00e8me Mains d\u2019Ange\u00ae<\/span><\/span> sur les mains et les ongles en massant de la paume vers les phalanges. Compl\u00e9tez l&rsquo;application de la cr\u00e8me en vous initiant \u00e0 la r\u00e9flexologie chinoise: appliquez \u00e0 l&rsquo;aide du pouce des pressions circulaire sur les points soulageant vos tensions.<\/p>\n<p><span class=\"bold\">Astuce<\/span> pour des mains parfaites: gommez vos mains avec<span style=\"color: #993366;\"> l&rsquo;<span class=\"prune\">Exfoliant Graines et Fleurs<\/span><\/span> puis appliquez <span style=\"color: #993366;\">la <span class=\"prune\">Cr\u00e8me Mains d\u2019Ange\u00ae<\/span><\/span>en masque, laissez poser quelques minutes puis enlevez l&rsquo;exc\u00e9dent avec un coton.<\/p>\n<p><img decoding=\"async\" src=\"https:\/\/www.cinqmondes.com\/media\/wysiwyg\/317_317-main.jpg\" \/><\/p>\n<p>75 ml<\/p>\n","protected":false},"excerpt":{"rendered":"<p><span style=\"color: #993366;\">(Rituel de Guilin, Chine)<\/span><\/p>\n<p>Cr\u00e8me nourrissante non grasse pour les mains et les ongles au d\u00e9licat parfum de C\u00e8dre et d&rsquo;Hesp\u00e9rid\u00e9s qui pr\u00e9vient les taches pigmentaires.Inspir\u00e9 d\u2019une <span class=\"bold\">recette ancestrale<\/span> utilis\u00e9e par les paysans des rizi\u00e8res pour prot\u00e9ger leurs mains,<\/p>\n<p>Prot\u00e9g\u00e9es par un filtre UV, les mains sont douces, sans film gras et les ongles se fortifient. Id\u00e9al pour les mains s\u00e8ches.<\/p>\n\n<p>&nbsp;<\/p>\n","protected":false},"featured_media":9138,"template":"","meta":{"_acf_changed":false},"product_brand":[],"product_cat":[170,152],"product_tag":[],"class_list":{"0":"post-9137","1":"product","2":"type-product","3":"status-publish","4":"has-post-thumbnail","6":"product_cat-cremes-des-mains-et-des-pieds","7":"product_cat-les-produits-cinq-mondes","9":"first","10":"instock","11":"shipping-taxable","12":"purchasable","13":"product-type-simple"},"acf":[],"_links":{"self":[{"href":"https:\/\/lesfeesnaturelles.fr\/boutique\/wp-json\/wp\/v2\/product\/9137","targetHints":{"allow":["GET"]}}],"collection":[{"href":"https:\/\/lesfeesnaturelles.fr\/boutique\/wp-json\/wp\/v2\/product"}],"about":[{"href":"https:\/\/lesfeesnaturelles.fr\/boutique\/wp-json\/wp\/v2\/types\/product"}],"wp:featuredmedia":[{"embeddable":true,"href":"https:\/\/lesfeesnaturelles.fr\/boutique\/wp-json\/wp\/v2\/media\/9138"}],"wp:attachment":[{"href":"https:\/\/lesfeesnaturelles.fr\/boutique\/wp-json\/wp\/v2\/media?parent=9137"}],"wp:term":[{"taxonomy":"product_brand","embeddable":true,"href":"https:\/\/lesfeesnaturelles.fr\/boutique\/wp-json\/wp\/v2\/product_brand?post=9137"},{"taxonomy":"product_cat","embeddable":true,"href":"https:\/\/lesfeesnaturelles.fr\/boutique\/wp-json\/wp\/v2\/product_cat?post=9137"},{"taxonomy":"product_tag","embeddable":true,"href":"https:\/\/lesfeesnaturelles.fr\/boutique\/wp-json\/wp\/v2\/product_tag?post=9137"}],"curies":[{"name":"wp","href":"https:\/\/api.w.org\/{rel}","templated":true}]}}