{"id":9720,"date":"2019-10-26T11:12:14","date_gmt":"2019-10-26T09:12:14","guid":{"rendered":"http:\/\/lesfeesnaturelles.fr\/boutique\/?post_type=product&#038;p=9720"},"modified":"2025-12-09T16:40:40","modified_gmt":"2025-12-09T15:40:40","slug":"recharge-mineral-silk","status":"publish","type":"product","link":"https:\/\/lesfeesnaturelles.fr\/boutique\/produit\/recharge-mineral-silk\/","title":{"rendered":"Recharge Min\u00e9ral Silk"},"content":{"rendered":"<div class=\"page\" title=\"Page 3\">\n<div class=\"section\">\n<div class=\"layoutArea\">\n<div class=\"column\">\n<p><strong>CONSEILS D\u2019UTILISATION :<\/strong><\/p>\n<p>Utilisez le Shine-up powder duo comme enlumineur :<\/p>\n<p>Au doigt ou \u00e0 l\u2019aide du Pinceau estompe 707,<br \/>\nen petites touches (en \u00e9vitant la zone T si trop de brillance), sur le haut des pommettes, les tempes, l\u2019ar\u00eate du nez et le contour des l\u00e8vres (arc de Cupidon) pour une bouche sexy.<\/p>\n<p>Utilisez le Shine-up powder duo comme ombre \u00e0 paupi\u00e8res : Sous les sourcils pour r\u00e9duire l\u2019effet \u201cpaupi\u00e8re tombante\u201d, au coin interne de l\u2019\u0153il pour ouvrir le regard, au ras des cils inferieurs, ou encore sur toute la paupi\u00e8re mobile \u00e0 l\u2019aide du Pinceau langue de chat 704 pour un regard ensoleill\u00e9.<\/p>\n<p><strong>CONTENANCE : 9 g \/ 0.32 oz. RECHARGEABLE : Oui<\/strong><\/p>\n<div class=\"page\" title=\"Page 4\">\n<div class=\"section\">\n<div class=\"layoutArea\">\n<div class=\"column\">\n<p><strong>INGR\u00c9DIENTS CL\u00c9S :<\/strong><\/p>\n<p><strong><span style=\"color: #800080;\">Poudre de riz bio<\/span> <\/strong>: La poudre de riz est l\u2019un des plus anciens ingr\u00e9dients cosm\u00e9tiques. Elle a la facult\u00e9 de matifier la peau sans obstruer les pores en ajustant la s\u00e9cr\u00e9tion de s\u00e9bum.<\/p>\n<p><span style=\"color: #800080;\"><strong>Poudre de bambou<\/strong><\/span> : Substance blanche extraite des jointures du bambou. Gr\u00e2ce \u00e0 sa teneur \u00e9lev\u00e9e en silice organique, elle remin\u00e9ralise, hydrate et participe \u00e0 la r\u00e9g\u00e9n\u00e9ration de votre peau tout en att\u00e9nuant la brillance des peaux mixtes et grasses.<\/p>\n<p><strong><span style=\"color: #800080;\">Huile de graines de lin bio<\/span><\/strong> : Riche en acides gras insatur\u00e9s (om\u00e9ga 6 et om\u00e9ga 3) et en vitamines (A, B, E, K), cette huile est nourrissante et r\u00e9g\u00e9n\u00e9rante. Gr\u00e2ce aux macromol\u00e9cules qu\u2019elle contient, elle contribue \u00e0 maintenir l\u2019eau dans l\u2019\u00e9piderme et am\u00e9liore consid\u00e9rablement son \u00e9lasticit\u00e9et son hydratation.<\/p>\n<div class=\"page\" title=\"Page 4\">\n<div class=\"section\">\n<div class=\"layoutArea\">\n<div class=\"column\">\n<p><strong><span style=\"color: #800080;\">Extrait de feuilles d\u2019olivier<\/span> <\/strong>: Les feuilles d\u2019olivier contiennent beaucoup de ph\u00e9nols, des antioxydants qui neutralisent l\u2019action des radicaux libres. Les radicaux libres sont des substances actives qui acc\u00e9l\u00e8rent le vieillissement de nos cellules.<\/p>\n<\/div>\n<\/div>\n<\/div>\n<\/div>\n<\/div>\n<\/div>\n<\/div>\n<\/div>\n<\/div>\n<\/div>\n<\/div>\n<\/div>\n","protected":false},"excerpt":{"rendered":"<div class=\"page\" title=\"Page 3\">\n<div class=\"section\">\n<div class=\"layoutArea\">\n<div class=\"column\">\n<p>Le Shine-up powder duo est un double enlumineur qui irise la peau de d\u00e9licats reflets rose et or, mixez-les pour obtenir une troisi\u00e8me couleur.<\/p>\n<p>Son fini nacr\u00e9 apporte instantan\u00e9ment de l\u2019\u00e9clat pour un effet frais et radieux. Cette poudre soyeuse \u00e0 la formule 100% d\u2019origine naturelle, bio et vegan, d\u00e9pose un voile de lumi\u00e8re tout en sculptant le visage.<\/p>\n<p>Cet enlumineur peut \u00e9galement \u00eatre utilis\u00e9 comme ombre \u00e0 paupi\u00e8res pour \u00e9veiller votre regard.<\/p>\n<\/div>\n<\/div>\n<\/div>\n<\/div>\n","protected":false},"featured_media":9733,"template":"","meta":{"_acf_changed":false},"product_brand":[],"product_cat":[15,24],"product_tag":[],"class_list":{"0":"post-9720","1":"product","2":"type-product","3":"status-publish","4":"has-post-thumbnail","6":"product_cat-cosmetiques-zao","7":"product_cat-teint-zao-cosmetiques-zao","9":"first","10":"outofstock","11":"shipping-taxable","12":"purchasable","13":"product-type-simple"},"acf":[],"_links":{"self":[{"href":"https:\/\/lesfeesnaturelles.fr\/boutique\/wp-json\/wp\/v2\/product\/9720","targetHints":{"allow":["GET"]}}],"collection":[{"href":"https:\/\/lesfeesnaturelles.fr\/boutique\/wp-json\/wp\/v2\/product"}],"about":[{"href":"https:\/\/lesfeesnaturelles.fr\/boutique\/wp-json\/wp\/v2\/types\/product"}],"wp:featuredmedia":[{"embeddable":true,"href":"https:\/\/lesfeesnaturelles.fr\/boutique\/wp-json\/wp\/v2\/media\/9733"}],"wp:attachment":[{"href":"https:\/\/lesfeesnaturelles.fr\/boutique\/wp-json\/wp\/v2\/media?parent=9720"}],"wp:term":[{"taxonomy":"product_brand","embeddable":true,"href":"https:\/\/lesfeesnaturelles.fr\/boutique\/wp-json\/wp\/v2\/product_brand?post=9720"},{"taxonomy":"product_cat","embeddable":true,"href":"https:\/\/lesfeesnaturelles.fr\/boutique\/wp-json\/wp\/v2\/product_cat?post=9720"},{"taxonomy":"product_tag","embeddable":true,"href":"https:\/\/lesfeesnaturelles.fr\/boutique\/wp-json\/wp\/v2\/product_tag?post=9720"}],"curies":[{"name":"wp","href":"https:\/\/api.w.org\/{rel}","templated":true}]}}