{"id":9756,"date":"2019-11-05T17:21:36","date_gmt":"2019-11-05T16:21:36","guid":{"rendered":"http:\/\/lesfeesnaturelles.fr\/boutique\/?post_type=product&#038;p=9756"},"modified":"2024-06-20T14:52:33","modified_gmt":"2024-06-20T12:52:33","slug":"coffret-soin-et-vernis-sublime-manucure-zao-makeup","status":"publish","type":"product","link":"https:\/\/lesfeesnaturelles.fr\/boutique\/produit\/coffret-soin-et-vernis-sublime-manucure-zao-makeup\/","title":{"rendered":"Coffret soin et vernis &#8211; Sublime manucure &#8211; Zao Makeup"},"content":{"rendered":"<p>Lime \u00e0 ongles en verre adapt\u00e9e aux ongles les plus fragiles.<\/p>\n<p>Huile soin des ongles et cuticules <strong><span style=\"color: #f99b1c;\">enrichie en huile d&rsquo;amande douce et huile de kukui<\/span> <\/strong>aux vertues nourrissantes et r\u00e9paratrices.<\/p>\n<p>Vernis \u00e0 ongles contenant de <strong><span style=\"color: #f99b1c;\">l&rsquo;extrait de bambou<\/span> <\/strong>riche en silice qui permet de fortifier l&rsquo;ongle.<\/p>\n<p>&nbsp;<\/p>\n<p>Conseil d&rsquo;utilisation de la lime : Utilisez la toujours dans le m\u00eame sens pour \u00e9viter que les ongles se d\u00e9doublent, puis massez \u00a0les avec l&rsquo;huile soin des ongles et cuticules pour nourrir, hydrater et renforcer vos ongles.<\/p>\n<p>Rincez ou essuyez et appliquez une ou deux couches de vernis \u00e0 ongles suivant l&rsquo;effet recherch\u00e9.<\/p>\n<p>&nbsp;<\/p>\n<p>Contenance : 4&#215;8 ml<\/p>\n<p>&nbsp;<\/p>\n","protected":false},"excerpt":{"rendered":"<p>Pour chouchouter vos ongles tout l&rsquo;hiver, offrez-vous une manucure parfaite avec le coffret Sublime manucure soin et couleur \u00e9dition limit\u00e9e.<\/p>\n<p>Il contient une Lime \u00e0 ongles en verre adapt\u00e9e aux ongles les plus fragiles, une Huile soin des ongles et cuticules enrichie en huile d\u2019amande douce et trois Vernis \u00e0 ongles 10 Free indispensables : un nude ros\u00e9, un gris violet et un rouge nacr\u00e9. contenant de l\u2019extrait de bambou riche en silice qui permet de fortifier l\u2019ongle.<\/p>\n<p>Ce kit permet de r\u00e9aliser une manucure parfaite.<\/p>\n<p>Vernis \u00e0 ongles 10 Free, soit sans tolu\u00e8ne*, formald\u00e9hyde*, r\u00e9sine de formald\u00e9hyde, camphre synth\u00e9tique, dibutyl phthalate*, paraben, xyl\u00e8ne*, colophane*, styr\u00e8ne et benzoph\u00e8none (*ingr\u00e9dient potentiellement pr\u00e9sent en tant qu\u2019impuret\u00e9 in\u00e9vitable, \u00e0 l\u2019\u00e9tat de trace).<\/p>\n<p><img decoding=\"async\" src=\"https:\/\/lesfeesnaturelles.fr\/wp-content\/uploads\/2019\/11\/logo-spec-ten_free.png\" alt=\"L\u2019attribut alt de cette image est vide, son nom de fichier est logo-spec-ten_free.png.\" \/><\/p>\n<p>&nbsp;<\/p>\n","protected":false},"featured_media":9762,"template":"","meta":{"_acf_changed":false},"product_brand":[],"product_cat":[15,142],"product_tag":[176],"class_list":{"0":"post-9756","1":"product","2":"type-product","3":"status-publish","4":"has-post-thumbnail","6":"product_cat-cosmetiques-zao","7":"product_cat-les-vernis-et-soins-mains-zao","8":"product_tag-zaomakeup","10":"first","11":"instock","12":"shipping-taxable","13":"purchasable","14":"product-type-simple"},"acf":[],"_links":{"self":[{"href":"https:\/\/lesfeesnaturelles.fr\/boutique\/wp-json\/wp\/v2\/product\/9756","targetHints":{"allow":["GET"]}}],"collection":[{"href":"https:\/\/lesfeesnaturelles.fr\/boutique\/wp-json\/wp\/v2\/product"}],"about":[{"href":"https:\/\/lesfeesnaturelles.fr\/boutique\/wp-json\/wp\/v2\/types\/product"}],"wp:featuredmedia":[{"embeddable":true,"href":"https:\/\/lesfeesnaturelles.fr\/boutique\/wp-json\/wp\/v2\/media\/9762"}],"wp:attachment":[{"href":"https:\/\/lesfeesnaturelles.fr\/boutique\/wp-json\/wp\/v2\/media?parent=9756"}],"wp:term":[{"taxonomy":"product_brand","embeddable":true,"href":"https:\/\/lesfeesnaturelles.fr\/boutique\/wp-json\/wp\/v2\/product_brand?post=9756"},{"taxonomy":"product_cat","embeddable":true,"href":"https:\/\/lesfeesnaturelles.fr\/boutique\/wp-json\/wp\/v2\/product_cat?post=9756"},{"taxonomy":"product_tag","embeddable":true,"href":"https:\/\/lesfeesnaturelles.fr\/boutique\/wp-json\/wp\/v2\/product_tag?post=9756"}],"curies":[{"name":"wp","href":"https:\/\/api.w.org\/{rel}","templated":true}]}}